{"id":57960,"date":"2025-02-14T13:51:24","date_gmt":"2025-02-14T12:51:24","guid":{"rendered":"https:\/\/sanchez-cervera.com\/who-we-are\/"},"modified":"2026-03-10T16:31:02","modified_gmt":"2026-03-10T15:31:02","slug":"who-we-are","status":"publish","type":"page","link":"https:\/\/sanchez-cervera.com\/en\/who-we-are\/","title":{"rendered":"Who we are"},"content":{"rendered":"<section class=\"l-section wpb_row us_custom_6a585a5d height_auto full_height valign_center width_full color_primary with_img\"><div class=\"l-section-img\" role=\"img\" data-img-width=\"1880\" data-img-height=\"600\" style=\"background-image: url(https:\/\/sanchez-cervera.com\/wp-content\/uploads\/2025\/02\/Sanchez-Cervera-Quienes-Somos.jpg);background-position: center right;background-repeat: no-repeat;\"><\/div><div class=\"l-section-overlay\" style=\"background:rgba(0,0,0,0.2)\"><\/div><div class=\"l-section-h i-cf\"><div class=\"g-cols vc_row via_flex valign_top type_default stacking_default\"><div class=\"vc_col-sm-12 wpb_column vc_column_container\"><div class=\"vc_column-inner\"><div class=\"wpb_wrapper\"><div class=\"g-cols wpb_row us_custom_01fbb6a9 via_flex valign_middle type_default stacking_default\"><div class=\"vc_col-sm-8 wpb_column vc_column_container\"><div class=\"vc_column-inner\"><div class=\"wpb_wrapper\"><div class=\"w-separator size_small\"><\/div><h1 class=\"w-text\"><span class=\"w-text-h\"><span class=\"w-text-value\">Who we are<\/span><\/span><\/h1><div class=\"w-separator size_small\"><\/div><div class=\"w-btn-wrapper align_none\"><a class=\"w-btn us-btn-style_1\" href=\"#contacto\"><span class=\"w-btn-label\">Contact us at<\/span><\/a><\/div><\/div><\/div><\/div><div class=\"vc_col-sm-4 wpb_column vc_column_container\"><div class=\"vc_column-inner\"><div class=\"wpb_wrapper\"><\/div><\/div><\/div><\/div><\/div><\/div><\/div><\/div><\/div><\/section><section class=\"l-section wpb_row height_auto\"><div class=\"l-section-h i-cf\"><div class=\"g-cols vc_row via_flex valign_top type_default stacking_default\"><div class=\"vc_col-sm-12 wpb_column vc_column_container\"><div class=\"vc_column-inner\"><div class=\"wpb_wrapper\"><div class=\"g-cols wpb_row us_custom_7ba7cd49 us_animate_this via_flex valign_top type_default stacking_default\"><div class=\"vc_col-sm-6 wpb_column vc_column_container\"><div class=\"vc_column-inner\"><div class=\"wpb_wrapper\"><h2 class=\"w-text\"><span class=\"w-text-h\"><span class=\"w-text-value\">Eduardo S\u00e1nchez-Cervera Garc\u00eda<\/span><\/span><\/h2><div class=\"wpb_text_column us_custom_432d3f53\"><div class=\"wpb_wrapper\"><p><strong><span>Founding Partner<\/span><\/strong><\/p>\n<p><span>Member No. 72.793 of the Madrid Bar Association. Law degree from Universidad Complutense de Madrid (2002). Degree in Business Administration from the Universidad Aut\u00f3noma de Madrid (1999).<\/span><\/p>\n<p><span>From 2002 to 2010 he practiced law at the law firm <a href=\"http:\/\/www.uria.com\/es\/index.html\" target=\"_blank\" rel=\"noopener\">Ur\u00eda Men\u00e9ndez<\/a>, where he advised<\/span><span> large business groups and gained experience in negotiations and legal proceedings of all kinds, specializing in criminal, civil\/commercial and transactional law.<\/span><\/p>\n<p><span>Prior to practicing law, Eduardo had worked at the auditing firm<\/span> <span>Arthur Andersen<\/span><span> (currently, in Spain, integrated in <a href=\"https:\/\/www2.deloitte.com\/es\/es.html\" target=\"_blank\" rel=\"noopener\">Deloitte<\/a>).<\/span><\/p>\n<p><span>Since 2009 he has combined the practice of law with teaching, first as an associate professor of Commercial Law at <a href=\"http:\/\/www.uc3m.es\/Inicio\" target=\"_blank\" rel=\"noopener\">Universidad Carlos III de Madrid<\/a> and later as a professor of Criminal Law in the Master&#8217;s Degree in Legal-Financial Translation at Universidad Pontificia Comillas.<\/span><\/p>\n<p>Since 2012, he has been an external collaborator of <a href=\"https:\/\/www.allenovery.com\/es-es\/global\/global_coverage\/europe\/spain\" target=\"_blank\" rel=\"noopener\">Allen&amp;Overy<\/a> for criminal matters, today <a href=\"http:\/\/www.aoshearman.com\">AO Shearman<\/a>.<\/p>\n<p>He is currently a professor of professional ethics in the Master&#8217;s Degree in Access to the Legal Profession at ICADE (Universidad Pontificia Comillas). In the following link you can consult the CV that appears on the University&#8217;s web page: <span> <\/span><span><a href=\"https:\/\/web.comillas.edu\/profesor\/escervera\">https:\/\/web.comillas.edu\/profesor\/escervera<\/a><\/span><\/p>\n<p><span>Languages: Spanish &#8211; English &#8211; French<\/span><\/p>\n<\/div><\/div><\/div><\/div><\/div><div class=\"vc_col-sm-6 wpb_column vc_column_container\"><div class=\"vc_column-inner\"><div class=\"wpb_wrapper\"><div class=\"w-image style_shadow-1 align_none\"><div class=\"w-image-h\"><img decoding=\"async\" width=\"1024\" height=\"1024\" src=\"https:\/\/sanchez-cervera.com\/wp-content\/uploads\/2025\/02\/Eduardo-Sanchez-Cervera-Garcia-1024x1024.jpg\" class=\"attachment-large size-large\" alt=\"\" loading=\"lazy\" srcset=\"https:\/\/sanchez-cervera.com\/wp-content\/uploads\/2025\/02\/Eduardo-Sanchez-Cervera-Garcia-1024x1024.jpg 1024w, https:\/\/sanchez-cervera.com\/wp-content\/uploads\/2025\/02\/Eduardo-Sanchez-Cervera-Garcia-300x300.jpg 300w, https:\/\/sanchez-cervera.com\/wp-content\/uploads\/2025\/02\/Eduardo-Sanchez-Cervera-Garcia-150x150.jpg 150w, https:\/\/sanchez-cervera.com\/wp-content\/uploads\/2025\/02\/Eduardo-Sanchez-Cervera-Garcia.jpg 1050w\" sizes=\"auto, (max-width: 1024px) 100vw, 1024px\" \/><\/div><\/div><\/div><\/div><\/div><\/div><div class=\"g-cols wpb_row us_custom_47474b22 us_animate_this via_flex valign_middle type_default stacking_default\"><div class=\"vc_col-sm-6 wpb_column vc_column_container\"><div class=\"vc_column-inner\"><div class=\"wpb_wrapper\"><div class=\"w-image style_shadow-1 align_none\"><div class=\"w-image-h\"><img decoding=\"async\" width=\"1024\" height=\"1024\" src=\"https:\/\/sanchez-cervera.com\/wp-content\/uploads\/2025\/02\/Laura-Perez-de-Gil-Gomez-1024x1024.jpg\" class=\"attachment-large size-large\" alt=\"\" loading=\"lazy\" srcset=\"https:\/\/sanchez-cervera.com\/wp-content\/uploads\/2025\/02\/Laura-Perez-de-Gil-Gomez-1024x1024.jpg 1024w, https:\/\/sanchez-cervera.com\/wp-content\/uploads\/2025\/02\/Laura-Perez-de-Gil-Gomez-300x300.jpg 300w, https:\/\/sanchez-cervera.com\/wp-content\/uploads\/2025\/02\/Laura-Perez-de-Gil-Gomez-150x150.jpg 150w, https:\/\/sanchez-cervera.com\/wp-content\/uploads\/2025\/02\/Laura-Perez-de-Gil-Gomez.jpg 1050w\" sizes=\"auto, (max-width: 1024px) 100vw, 1024px\" \/><\/div><\/div><\/div><\/div><\/div><div class=\"vc_col-sm-6 wpb_column vc_column_container\"><div class=\"vc_column-inner\"><div class=\"wpb_wrapper\"><div class=\"wpb_text_column us_custom_432d3f53\"><div class=\"wpb_wrapper\"><h2>Laura P\u00e9rez de Gil G\u00f3mez<\/h2>\n<p><strong><span>External collaborating lawyer (Barcelona)<\/span><\/strong><\/p>\n<p><span>Member no.<\/span> <span>41.631<\/span> <span>of the Barcelona Bar Association.<\/span><\/p>\n<p><span>Law Degree from the University of La Rioja (2011), Master in Criminal Law and Criminal Sciences from the University of Barcelona and Pompeu Fabra University (2012) and Postgraduate Degree in Criminal Compliance from the University of Barcelona (2016). <\/span><\/p>\n<p><span>She has completed the specialization courses to practice in the juvenile jurisdiction and before the Jury Court given by the Bar Association of Barcelona. <\/span><\/p>\n<p><span>In 2022 she was awarded the Pedro Mart\u00edn Memorial Prize on Criminal Procedural Law of the Barcelona Bar Association.<\/span><\/p>\n<p><span>Languages: Spanish-English-Catalan.<\/span><\/p>\n<\/div><\/div><\/div><\/div><\/div><\/div><\/div><\/div><\/div><\/div><\/div><\/section>\n","protected":false},"excerpt":{"rendered":"Who we areContact us atEduardo S\u00e1nchez-Cervera Garc\u00edaFounding Partner Member No. 72.793 of the Madrid Bar Association. Law degree from Universidad Complutense de Madrid (2002). Degree in Business Administration from the Universidad Aut\u00f3noma de Madrid (1999). From 2002 to 2010 he practiced law at the law firm Ur\u00eda Men\u00e9ndez, where he advised large business groups and...","protected":false},"author":1,"featured_media":7669,"parent":0,"menu_order":0,"comment_status":"closed","ping_status":"closed","template":"","meta":{"footnotes":""},"class_list":["post-57960","page","type-page","status-publish","has-post-thumbnail","hentry"],"_links":{"self":[{"href":"https:\/\/sanchez-cervera.com\/en\/wp-json\/wp\/v2\/pages\/57960","targetHints":{"allow":["GET"]}}],"collection":[{"href":"https:\/\/sanchez-cervera.com\/en\/wp-json\/wp\/v2\/pages"}],"about":[{"href":"https:\/\/sanchez-cervera.com\/en\/wp-json\/wp\/v2\/types\/page"}],"author":[{"embeddable":true,"href":"https:\/\/sanchez-cervera.com\/en\/wp-json\/wp\/v2\/users\/1"}],"replies":[{"embeddable":true,"href":"https:\/\/sanchez-cervera.com\/en\/wp-json\/wp\/v2\/comments?post=57960"}],"version-history":[{"count":9,"href":"https:\/\/sanchez-cervera.com\/en\/wp-json\/wp\/v2\/pages\/57960\/revisions"}],"predecessor-version":[{"id":58690,"href":"https:\/\/sanchez-cervera.com\/en\/wp-json\/wp\/v2\/pages\/57960\/revisions\/58690"}],"wp:featuredmedia":[{"embeddable":true,"href":"https:\/\/sanchez-cervera.com\/en\/wp-json\/wp\/v2\/media\/7669"}],"wp:attachment":[{"href":"https:\/\/sanchez-cervera.com\/en\/wp-json\/wp\/v2\/media?parent=57960"}],"curies":[{"name":"wp","href":"https:\/\/api.w.org\/{rel}","templated":true}]}}

<section class="l-section wpb_row us_custom_6a585a5d height_auto full_height valign_center width_full color_primary with_img"><div class="l-section-img" role="img" data-img-width="1880" data-img-height="600" style="background-image: url(https://sanchez-cervera.com/wp-content/uploads/2025/02/Sanchez-Cervera-Quienes-Somos.jpg);background-position: center right;background-repeat: no-repeat;"></div><div class="l-section-overlay" style="background:rgba(0,0,0,0.2)"></div><div class="l-section-h i-cf"><div class="g-cols vc_row via_flex valign_top type_default stacking_default"><div class="vc_col-sm-12 wpb_column vc_column_container"><div class="vc_column-inner"><div class="wpb_wrapper"><div class="g-cols wpb_row us_custom_01fbb6a9 via_flex valign_middle type_default stacking_default"><div class="vc_col-sm-8 wpb_column vc_column_container"><div class="vc_column-inner"><div class="wpb_wrapper"><div class="w-separator size_small"></div><h1 class="w-text"><span class="w-text-h"><span class="w-text-value">Who we are</span></span></h1><div class="w-separator size_small"></div><div class="w-btn-wrapper align_none"><a class="w-btn us-btn-style_1" href="#contacto"><span class="w-btn-label">Contact us at</span></a></div></div></div></div><div class="vc_col-sm-4 wpb_column vc_column_container"><div class="vc_column-inner"><div class="wpb_wrapper"></div></div></div></div></div></div></div></div></div></section><section class="l-section wpb_row height_auto"><div class="l-section-h i-cf"><div class="g-cols vc_row via_flex valign_top type_default stacking_default"><div class="vc_col-sm-12 wpb_column vc_column_container"><div class="vc_column-inner"><div class="wpb_wrapper"><div class="g-cols wpb_row us_custom_7ba7cd49 us_animate_this via_flex valign_top type_default stacking_default"><div class="vc_col-sm-6 wpb_column vc_column_container"><div class="vc_column-inner"><div class="wpb_wrapper"><h2 class="w-text"><span class="w-text-h"><span class="w-text-value">Eduardo Sánchez-Cervera García</span></span></h2><div class="wpb_text_column us_custom_432d3f53"><div class="wpb_wrapper"><p><strong><span>Founding Partner</span></strong></p>
<p><span>Member No. 72.793 of the Madrid Bar Association. Law degree from Universidad Complutense de Madrid (2002). Degree in Business Administration from the Universidad Autónoma de Madrid (1999).</span></p>
<p><span>From 2002 to 2010 he practiced law at the law firm <a href="http://www.uria.com/es/index.html" target="_blank" rel="noopener">Uría Menéndez</a>, where he advised</span><span> large business groups and gained experience in negotiations and legal proceedings of all kinds, specializing in criminal, civil/commercial and transactional law.</span></p>
<p><span>Prior to practicing law, Eduardo had worked at the auditing firm</span> <span>Arthur Andersen</span><span> (currently, in Spain, integrated in <a href="https://www2.deloitte.com/es/es.html" target="_blank" rel="noopener">Deloitte</a>).</span></p>
<p><span>Since 2009 he has combined the practice of law with teaching, first as an associate professor of Commercial Law at <a href="http://www.uc3m.es/Inicio" target="_blank" rel="noopener">Universidad Carlos III de Madrid</a> and later as a professor of Criminal Law in the Master&#8217;s Degree in Legal-Financial Translation at Universidad Pontificia Comillas.</span></p>
<p>Since 2012, he has been an external collaborator of <a href="https://www.allenovery.com/es-es/global/global_coverage/europe/spain" target="_blank" rel="noopener">Allen&amp;Overy</a> for criminal matters, today <a href="http://www.aoshearman.com">AO Shearman</a>.</p>
<p>He is currently a professor of professional ethics in the Master&#8217;s Degree in Access to the Legal Profession at ICADE (Universidad Pontificia Comillas). In the following link you can consult the CV that appears on the University&#8217;s web page: <span> </span><span><a href="https://web.comillas.edu/profesor/escervera">https://web.comillas.edu/profesor/escervera</a></span></p>
<p><span>Languages: Spanish &#8211; English &#8211; French</span></p>
</div></div></div></div></div><div class="vc_col-sm-6 wpb_column vc_column_container"><div class="vc_column-inner"><div class="wpb_wrapper"><div class="w-image style_shadow-1 align_none"><div class="w-image-h"><img decoding="async" width="1024" height="1024" src="https://sanchez-cervera.com/wp-content/uploads/2025/02/Eduardo-Sanchez-Cervera-Garcia-1024x1024.jpg" class="attachment-large size-large" alt="" loading="lazy" srcset="https://sanchez-cervera.com/wp-content/uploads/2025/02/Eduardo-Sanchez-Cervera-Garcia-1024x1024.jpg 1024w, https://sanchez-cervera.com/wp-content/uploads/2025/02/Eduardo-Sanchez-Cervera-Garcia-300x300.jpg 300w, https://sanchez-cervera.com/wp-content/uploads/2025/02/Eduardo-Sanchez-Cervera-Garcia-150x150.jpg 150w, https://sanchez-cervera.com/wp-content/uploads/2025/02/Eduardo-Sanchez-Cervera-Garcia.jpg 1050w" sizes="auto, (max-width: 1024px) 100vw, 1024px" /></div></div></div></div></div></div><div class="g-cols wpb_row us_custom_47474b22 us_animate_this via_flex valign_middle type_default stacking_default"><div class="vc_col-sm-6 wpb_column vc_column_container"><div class="vc_column-inner"><div class="wpb_wrapper"><div class="w-image style_shadow-1 align_none"><div class="w-image-h"><img decoding="async" width="1024" height="1024" src="https://sanchez-cervera.com/wp-content/uploads/2025/02/Laura-Perez-de-Gil-Gomez-1024x1024.jpg" class="attachment-large size-large" alt="" loading="lazy" srcset="https://sanchez-cervera.com/wp-content/uploads/2025/02/Laura-Perez-de-Gil-Gomez-1024x1024.jpg 1024w, https://sanchez-cervera.com/wp-content/uploads/2025/02/Laura-Perez-de-Gil-Gomez-300x300.jpg 300w, https://sanchez-cervera.com/wp-content/uploads/2025/02/Laura-Perez-de-Gil-Gomez-150x150.jpg 150w, https://sanchez-cervera.com/wp-content/uploads/2025/02/Laura-Perez-de-Gil-Gomez.jpg 1050w" sizes="auto, (max-width: 1024px) 100vw, 1024px" /></div></div></div></div></div><div class="vc_col-sm-6 wpb_column vc_column_container"><div class="vc_column-inner"><div class="wpb_wrapper"><div class="wpb_text_column us_custom_432d3f53"><div class="wpb_wrapper"><h2>Laura Pérez de Gil Gómez</h2>
<p><strong><span>External collaborating lawyer (Barcelona)</span></strong></p>
<p><span>Member no.</span> <span>41.631</span> <span>of the Barcelona Bar Association.</span></p>
<p><span>Law Degree from the University of La Rioja (2011), Master in Criminal Law and Criminal Sciences from the University of Barcelona and Pompeu Fabra University (2012) and Postgraduate Degree in Criminal Compliance from the University of Barcelona (2016). </span></p>
<p><span>She has completed the specialization courses to practice in the juvenile jurisdiction and before the Jury Court given by the Bar Association of Barcelona. </span></p>
<p><span>In 2022 she was awarded the Pedro Martín Memorial Prize on Criminal Procedural Law of the Barcelona Bar Association.</span></p>
<p><span>Languages: Spanish-English-Catalan.</span></p>
</div></div></div></div></div></div></div></div></div></div></div></section>

Who we areContact us atEduardo Sánchez-Cervera GarcíaFounding Partner Member No. 72.793 of the Madrid Bar Association. Law degree from Universidad Complutense de Madrid (2002). Degree in Business Administration from the Universidad Autónoma de Madrid (1999). From 2002 to 2010 he practiced law at the law firm Uría Menéndez, where he advised large business groups and...
